{"id":2701,"date":"2023-08-29T13:43:52","date_gmt":"2023-08-29T13:43:52","guid":{"rendered":"https:\/\/faktor-bildung.de\/?page_id=2701"},"modified":"2024-01-17T14:39:36","modified_gmt":"2024-01-17T14:39:36","slug":"masterthesis","status":"publish","type":"page","link":"https:\/\/faktor-bildung.de\/index.php\/masterthesis\/","title":{"rendered":"Masterthesis: Vorurteilsbewusstes Arbeiten im Alltag von Bildung und Erziehung"},"content":{"rendered":"<p><span style=\"font-size: 16px;\">Seit dem Sommersemester 2021, direkt im Anschluss an mein Bachelorstudium der Sozialen Arbeit (<\/span><a style=\"font-size: 16px;\" href=\"https:\/\/www.basa-online.de\/\" target=\"_blank\" rel=\"noopener\">BASA-online<\/a><span style=\"font-size: 16px;\">) an der<\/span><span style=\"font-size: 16px;\">\u00a0<\/span><a style=\"font-size: 16px;\" href=\"https:\/\/www.hs-koblenz.de\/home\" target=\"_blank\" rel=\"noopener\">Hochschule Koblenz<\/a><span style=\"font-size: 16px;\">, studierte ich an der<\/span><span style=\"font-size: 16px;\">\u00a0<\/span><a style=\"font-size: 16px;\" href=\"https:\/\/www.hs-rm.de\/de\/\" target=\"_blank\" rel=\"noopener\">Hochschule RheinMain<\/a><span style=\"font-size: 16px;\">\u00a0<\/span><span style=\"font-size: 16px;\">in Wiesbaden den Masterstudiengang<\/span><span style=\"font-size: 16px;\">\u00a0<\/span><a style=\"font-size: 16px;\" href=\"https:\/\/www.hs-rm.de\/de\/fachbereiche\/sozialwesen\/studiengaenge\/soziale-arbeit-mit-dem-schwerpunkt-bildung-ma\" target=\"_blank\" rel=\"noopener\">Soziale Arbeit mit dem Schwerpunkt Bildung (maps-B)<\/a><span style=\"font-size: 16px;\">.<\/span><\/p>\n<h2>Meine Arbeit an der Masterthesis und das Ergebnis<\/h2>\n<p><img data-recalc-dims=\"1\" loading=\"lazy\" decoding=\"async\" class=\" wp-image-2709 alignright\" src=\"https:\/\/i0.wp.com\/faktor-bildung.de\/wp-content\/uploads\/2023\/09\/IMG_1849.jpg?resize=165%2C220&#038;ssl=1\" alt=\"Gedrucktes Buch der Masterthesis\" width=\"165\" height=\"220\" srcset=\"https:\/\/i0.wp.com\/faktor-bildung.de\/wp-content\/uploads\/2023\/09\/IMG_1849-rotated.jpg?resize=225%2C300&amp;ssl=1 225w, https:\/\/i0.wp.com\/faktor-bildung.de\/wp-content\/uploads\/2023\/09\/IMG_1849-rotated.jpg?resize=230%2C307&amp;ssl=1 230w, https:\/\/i0.wp.com\/faktor-bildung.de\/wp-content\/uploads\/2023\/09\/IMG_1849-rotated.jpg?resize=350%2C467&amp;ssl=1 350w, https:\/\/i0.wp.com\/faktor-bildung.de\/wp-content\/uploads\/2023\/09\/IMG_1849-rotated.jpg?w=480&amp;ssl=1 480w\" sizes=\"auto, (max-width: 165px) 100vw, 165px\" \/><\/p>\n<p>Am 4. Juli 2023 &#8211; dem amerikanischen und meinem pers\u00f6nlichen Independence Day &#8211; abgegeben und am 22. August 2023 verteidigt. Damit habe ich mit meiner Thesis mein Masterstudium der Sozialen Arbeit mit dem Schwerpunkt Bildung abgeschlossen. Es war ein sehr intensiver und spannender Prozess, eigeninitiativ die Gestaltung der praktischen Umsetzung\u00a0 vorurteilsbewussten Arbeitens im T\u00e4tigkeitsfeld von Bildung und Erziehung durch die p\u00e4dagogischen Fachkr\u00e4fte im Alltag von Kindertagesst\u00e4tten zu untersuchen, die Ergebnisse vor dem theoretischen Hintergrund zu analysieren und so die Basis f\u00fcr eine Fortbildung f\u00fcr p\u00e4dagogische Fachkr\u00e4fte bzw. ganze p\u00e4dagogische Teams zu schaffen, die ich bedarfsorientiert konzipiere.<\/p>\n<p><img data-recalc-dims=\"1\" loading=\"lazy\" decoding=\"async\" class=\"size-medium wp-image-3018 alignleft\" src=\"https:\/\/i0.wp.com\/faktor-bildung.de\/wp-content\/uploads\/2024\/01\/IMG_2237.jpg?resize=225%2C300&#038;ssl=1\" alt=\"Masterthesis\" width=\"225\" height=\"300\" srcset=\"https:\/\/i0.wp.com\/faktor-bildung.de\/wp-content\/uploads\/2024\/01\/IMG_2237-rotated.jpg?resize=225%2C300&amp;ssl=1 225w, https:\/\/i0.wp.com\/faktor-bildung.de\/wp-content\/uploads\/2024\/01\/IMG_2237-rotated.jpg?resize=230%2C307&amp;ssl=1 230w, https:\/\/i0.wp.com\/faktor-bildung.de\/wp-content\/uploads\/2024\/01\/IMG_2237-rotated.jpg?resize=350%2C467&amp;ssl=1 350w, https:\/\/i0.wp.com\/faktor-bildung.de\/wp-content\/uploads\/2024\/01\/IMG_2237-rotated.jpg?w=480&amp;ssl=1 480w\" sizes=\"auto, (max-width: 225px) 100vw, 225px\" \/>Auch wenn es ein langer Prozess ist, sich auf den Weg von einer ersten Idee bis zur fertigen Masterthesis zu machen, so war es dennoch \u00e4u\u00dferst spannend und hat mir gezeigt, dass die intensivste Auseinandersetzung mit einem Thema einen selbst wirklich voranbringt.<\/p>\n<p>Die Zeit zwischen der Abgabe und der Verteidigung, bei der ich erst erfuhr, wie meine beiden Gutachtenden meine Arbeit beurteilten, f\u00fchlte sich ewig an. Erstgutachter <a href=\"https:\/\/www.hs-furtwangen.de\/aktuelles\/detail\/4027-neuer-professor-alexander-maier-bei-wing\/\" target=\"_blank\" rel=\"noopener\">Prof. Dr. Alexander Maier<\/a> ist mittlerweile wieder in sein Heimatbundesland zur\u00fcckgekehrt ist, <a href=\"https:\/\/www.hs-rm.de\/de\/hochschule\/personen\/naumann-siglinde\/\" target=\"_blank\" rel=\"noopener\">Prof.in Dr.in Siglinde Naumann<\/a> ist weiterhin als Studiengangsleitung f\u00fcr maps-B t\u00e4tig ist.\u00a0 Mit dem inhaltlichen Ergebnis und der Bewertung bin ich gleicherma\u00dfen sehr zufrieden.<\/p>\n<p>Einen groben \u00dcberblick dazu, welcher theoretische und empirische Hintergrund der Arbeit zugrunde liegt, wie die quantitative Forschung aufgebaut war, welche Befunde ermittelt wurden und in welche Interpretation das alles m\u00fcndete, zeige ich hier gern einen \u00dcberblick anhand des Inhaltsverzeichnisses der Masterthesis.<\/p>\n<p><img data-recalc-dims=\"1\" loading=\"lazy\" decoding=\"async\" class=\"alignnone size-medium wp-image-2710\" src=\"https:\/\/i0.wp.com\/faktor-bildung.de\/wp-content\/uploads\/2023\/09\/Masterthesis_Inhalt.jpg?resize=300%2C211&#038;ssl=1\" alt=\"Inhalt Masterthesis\" width=\"300\" height=\"211\" srcset=\"https:\/\/i0.wp.com\/faktor-bildung.de\/wp-content\/uploads\/2023\/09\/Masterthesis_Inhalt.jpg?resize=300%2C211&amp;ssl=1 300w, https:\/\/i0.wp.com\/faktor-bildung.de\/wp-content\/uploads\/2023\/09\/Masterthesis_Inhalt.jpg?resize=1024%2C720&amp;ssl=1 1024w, https:\/\/i0.wp.com\/faktor-bildung.de\/wp-content\/uploads\/2023\/09\/Masterthesis_Inhalt.jpg?resize=768%2C540&amp;ssl=1 768w, https:\/\/i0.wp.com\/faktor-bildung.de\/wp-content\/uploads\/2023\/09\/Masterthesis_Inhalt.jpg?resize=1000%2C703&amp;ssl=1 1000w, https:\/\/i0.wp.com\/faktor-bildung.de\/wp-content\/uploads\/2023\/09\/Masterthesis_Inhalt.jpg?resize=230%2C162&amp;ssl=1 230w, https:\/\/i0.wp.com\/faktor-bildung.de\/wp-content\/uploads\/2023\/09\/Masterthesis_Inhalt.jpg?resize=350%2C246&amp;ssl=1 350w, https:\/\/i0.wp.com\/faktor-bildung.de\/wp-content\/uploads\/2023\/09\/Masterthesis_Inhalt.jpg?resize=480%2C337&amp;ssl=1 480w, https:\/\/i0.wp.com\/faktor-bildung.de\/wp-content\/uploads\/2023\/09\/Masterthesis_Inhalt.jpg?w=1342&amp;ssl=1 1342w\" sizes=\"auto, (max-width: 300px) 100vw, 300px\" \/><\/p>\n<p>Am Austausch zum Thema bin ich auch nach Fertigstellung der Masterthesis weiterhin interessiert. Ich freue mich \u00fcber jede Nachricht, die mich dazu erreicht, beispielsweise sehr gerne \u00fcber das <a href=\"https:\/\/faktor-bildung.de\/index.php\/kontakt\/\">Kontaktformular<\/a>.<\/p>\n<h2>Mastertheis fertig &#8211; und jetzt?<\/h2>\n<p>Ende August war aus der Thesis das Grobkonzept f\u00fcr die Fortbildung\u00a0 bis dahin weiterentwickelt worden, dass der n\u00e4chste Schritt m\u00f6glich war: Ich habe beim Hessischen Ministerium f\u00fcr Soziales und Integration (HMSI) beantragt, dass die Fortbildung als BEP-Fortbildung (<a href=\"https:\/\/bep.hessen.de\/\" target=\"_blank\" rel=\"noopener\">BEP ist der Hessische Bildungs- und Erziehungsplan<\/a>) nach \u00a732 HKJGB anerkannt wird. Hintergrund daf\u00fcr ist, dass sie dann als dreit\u00e4tige Inhouse-Schulung von Kita-Teams f\u00fcr eine prozessbegleitende Entwicklung vorurteilsbewusster Arbeit gebucht werden kann und die Kita \u00fcber den Zugewinn an Wissen und die gemeinsame Erarbeitung der praktischen Anwendung damit. Die Fortbildung erf\u00fcllt die Inhalte von BEP-Modul 3, Inklusion &#8211; Vielfalt leben, mit Leben. Die Fortbildung wurde auf die Bedarfe, wie sie in der Masterthesis analysiert und dargelegt wurden, abgestimmt. Ihr Titel lautet <strong>&#8222;War ja klar!&#8220; &#8211; Vorurteilsbewusstes Arbeiten im Alltag von Bildung und Erziehung<\/strong>. Die Anerkennung als BEP-Fortbildung erreichte mich am 17.01.2024.<\/p>\n<p><img data-recalc-dims=\"1\" loading=\"lazy\" decoding=\"async\" class=\" wp-image-1558 alignright\" src=\"https:\/\/i0.wp.com\/faktor-bildung.de\/wp-content\/uploads\/2022\/07\/Forschung.jpg?resize=177%2C177&#038;ssl=1\" alt=\"\" width=\"177\" height=\"177\" srcset=\"https:\/\/i0.wp.com\/faktor-bildung.de\/wp-content\/uploads\/2022\/07\/Forschung.jpg?resize=300%2C300&amp;ssl=1 300w, https:\/\/i0.wp.com\/faktor-bildung.de\/wp-content\/uploads\/2022\/07\/Forschung.jpg?resize=1024%2C1024&amp;ssl=1 1024w, https:\/\/i0.wp.com\/faktor-bildung.de\/wp-content\/uploads\/2022\/07\/Forschung.jpg?resize=150%2C150&amp;ssl=1 150w, https:\/\/i0.wp.com\/faktor-bildung.de\/wp-content\/uploads\/2022\/07\/Forschung.jpg?resize=768%2C768&amp;ssl=1 768w, https:\/\/i0.wp.com\/faktor-bildung.de\/wp-content\/uploads\/2022\/07\/Forschung.jpg?resize=1536%2C1536&amp;ssl=1 1536w, https:\/\/i0.wp.com\/faktor-bildung.de\/wp-content\/uploads\/2022\/07\/Forschung.jpg?resize=920%2C920&amp;ssl=1 920w, https:\/\/i0.wp.com\/faktor-bildung.de\/wp-content\/uploads\/2022\/07\/Forschung.jpg?resize=230%2C230&amp;ssl=1 230w, https:\/\/i0.wp.com\/faktor-bildung.de\/wp-content\/uploads\/2022\/07\/Forschung.jpg?resize=350%2C350&amp;ssl=1 350w, https:\/\/i0.wp.com\/faktor-bildung.de\/wp-content\/uploads\/2022\/07\/Forschung.jpg?resize=480%2C480&amp;ssl=1 480w, https:\/\/i0.wp.com\/faktor-bildung.de\/wp-content\/uploads\/2022\/07\/Forschung.jpg?w=2048&amp;ssl=1 2048w\" sizes=\"auto, (max-width: 177px) 100vw, 177px\" \/>Das <a href=\"https:\/\/faktor-bildung.de\/index.php\/fortbildungskonzept_warjaklar\/\">Konzept<\/a>, das ich dazu entwicklte, ist modular aufgebaut und kann nat\u00fcrlich f\u00fcr den individuellen Bedarf abgewandelt werden: Beispielsweise k\u00f6nnen auch Einzeltage f\u00fcr einen Gesamt\u00fcberblick oder individuelle thematische Schwerpunkte gew\u00e4hlt werden, die dann passgenau auf die Bedarfe der Einrichtung zugeschnitten werden. Das kann zum Beispiel im Rahmen eines Konzeptionstages stattfinden. Fortbildungen f\u00fcr einzelne Tr\u00e4ger sind ebenso machbar wie offene Fortbildungen, die regional ausgeschrieben werden und dann von einzelnen Fachkr\u00e4ften oder Leitungen besucht werden k\u00f6nnen. Weitere Infos gibt es bei den <a href=\"https:\/\/faktor-bildung.de\/index.php\/fachkraft-seminare\/\">Fachkraft-Seminaren<\/a> &#8211; Fach- und Lehrkr\u00e4fte sind hier gleicherma\u00dfen willkommen wie auch Kindertagespflegepersonen.<\/p>\n<p>Ich denke, es ist gerade in der heutigen Zeit sehr wichtig, dass die p\u00e4dagogischen Fachkr\u00e4fte nicht alleine gelassen werden und sich mit dem Thema der vorurteilsbewussten Arbeit im T\u00e4tigkeitsfeld von Bildung und Erziehung umfassend besch\u00e4ftigen. &#8222;War ja klar!&#8220; &#8211; Vorurteilsbewusstes Arbeiten im Alltag von Bildung und Erziehung erm\u00f6glicht allen Fach- und Lehrkr\u00e4ften, Kindertagespflegepersonen und alle anderen, die sich ebenfalls mit dem Thema besch\u00e4ftigen m\u00f6chten, sich umfassend weiterzuentwickeln.<\/p>\n<p>Im Laufe der Zeit wird hier voraussichtlich mehr und mehr Inhalt hinterlegt, wenn die Fortbildung noch weiter Form annimmt und wie sie gebucht werden kann.<\/p>\n","protected":false},"excerpt":{"rendered":"<p>Seit dem Sommersemester 2021, direkt im Anschluss an mein Bachelorstudium der Sozialen Arbeit (BASA-online) an der\u00a0Hochschule Koblenz, studierte ich an der\u00a0Hochschule RheinMain\u00a0in [&hellip;]<\/p>\n","protected":false},"author":1,"featured_media":0,"parent":0,"menu_order":0,"comment_status":"closed","ping_status":"closed","template":"","meta":{"footnotes":""},"class_list":["post-2701","page","type-page","status-publish","hentry"],"jetpack-related-posts":[],"jetpack_sharing_enabled":true,"_links":{"self":[{"href":"https:\/\/faktor-bildung.de\/index.php\/wp-json\/wp\/v2\/pages\/2701","targetHints":{"allow":["GET"]}}],"collection":[{"href":"https:\/\/faktor-bildung.de\/index.php\/wp-json\/wp\/v2\/pages"}],"about":[{"href":"https:\/\/faktor-bildung.de\/index.php\/wp-json\/wp\/v2\/types\/page"}],"author":[{"embeddable":true,"href":"https:\/\/faktor-bildung.de\/index.php\/wp-json\/wp\/v2\/users\/1"}],"replies":[{"embeddable":true,"href":"https:\/\/faktor-bildung.de\/index.php\/wp-json\/wp\/v2\/comments?post=2701"}],"version-history":[{"count":6,"href":"https:\/\/faktor-bildung.de\/index.php\/wp-json\/wp\/v2\/pages\/2701\/revisions"}],"predecessor-version":[{"id":3019,"href":"https:\/\/faktor-bildung.de\/index.php\/wp-json\/wp\/v2\/pages\/2701\/revisions\/3019"}],"wp:attachment":[{"href":"https:\/\/faktor-bildung.de\/index.php\/wp-json\/wp\/v2\/media?parent=2701"}],"curies":[{"name":"wp","href":"https:\/\/api.w.org\/{rel}","templated":true}]}}