{"id":246,"date":"2021-10-31T13:17:01","date_gmt":"2021-10-31T13:17:01","guid":{"rendered":"https:\/\/faktor-bildung.de\/?page_id=246"},"modified":"2021-11-26T13:39:27","modified_gmt":"2021-11-26T13:39:27","slug":"eltern-kurse","status":"publish","type":"page","link":"https:\/\/faktor-bildung.de\/index.php\/eltern-kurse\/","title":{"rendered":"Eltern-Kurse"},"content":{"rendered":"<p><img data-recalc-dims=\"1\" loading=\"lazy\" decoding=\"async\" class=\"alignright wp-image-324 size-medium\" src=\"https:\/\/i0.wp.com\/faktor-bildung.de\/wp-content\/uploads\/2021\/11\/blumenstrauss.jpeg?resize=225%2C300&#038;ssl=1\" alt=\"Eltern-Kurse: es gibt nicht immer nur Blumen\" width=\"225\" height=\"300\" srcset=\"https:\/\/i0.wp.com\/faktor-bildung.de\/wp-content\/uploads\/2021\/11\/blumenstrauss.jpeg?resize=225%2C300&amp;ssl=1 225w, https:\/\/i0.wp.com\/faktor-bildung.de\/wp-content\/uploads\/2021\/11\/blumenstrauss.jpeg?resize=768%2C1024&amp;ssl=1 768w, https:\/\/i0.wp.com\/faktor-bildung.de\/wp-content\/uploads\/2021\/11\/blumenstrauss.jpeg?resize=1152%2C1536&amp;ssl=1 1152w, https:\/\/i0.wp.com\/faktor-bildung.de\/wp-content\/uploads\/2021\/11\/blumenstrauss.jpeg?resize=920%2C1227&amp;ssl=1 920w, https:\/\/i0.wp.com\/faktor-bildung.de\/wp-content\/uploads\/2021\/11\/blumenstrauss.jpeg?resize=230%2C307&amp;ssl=1 230w, https:\/\/i0.wp.com\/faktor-bildung.de\/wp-content\/uploads\/2021\/11\/blumenstrauss.jpeg?resize=350%2C467&amp;ssl=1 350w, https:\/\/i0.wp.com\/faktor-bildung.de\/wp-content\/uploads\/2021\/11\/blumenstrauss.jpeg?resize=480%2C640&amp;ssl=1 480w, https:\/\/i0.wp.com\/faktor-bildung.de\/wp-content\/uploads\/2021\/11\/blumenstrauss.jpeg?w=1536&amp;ssl=1 1536w\" sizes=\"auto, (max-width: 225px) 100vw, 225px\" \/><\/p>\n<h4>&#8222;Aaaaaaach, die Mama macht schon wieder Kindererziehung mit uns!&#8220; (Zitat meine Kinder) &#8211; Ob da Eltern-Kurse dahinter steckten?<\/h4>\n<p>Nat\u00fcrlich geben wir als Eltern unser Bestes und wollen alles richtig machen. Und wenn ich heute daran zur\u00fcckdenke, dass meine Kinder sich hin und wieder angeschaut haben, mir einen mitleidigen Blick zugeworfen haben und dann feststellten, dass sie erzogen werden sollten, muss ich jedes Mal schmunzeln. Ich freue mich auch dar\u00fcber, dass es im Gro\u00dfen und Ganzen recht gut geklappt hat.<\/p>\n<p>Als junge Mutter habe auch ich mich durch allerlei B\u00fccher, Zeitschriften und das Internet durchgelesen. Auf der <a href=\"https:\/\/www.eltern.de\/\" target=\"_blank\" rel=\"noopener\">Webseite\u00a0der Zeitschrift Eltern<\/a> gab es &#8211; damals zumindest &#8211; eine lebendige Community und immer wieder viele Fragen und gemeinsame Antwortdiskussionen.<\/p>\n<p>Trotz (oder gerade wegen?) meines Studiums der Sozialen Arbeit habe ich mich auf den Weg gemacht und zahlreiche Erziehungsratgeber gelesen. Auch verschiedene p\u00e4dagogische Stilrichtungen habe ich zuhause ausprobiert &#8211; um dann festzustellen, dass nicht alles immer so klappt, wie es im Buch steht. Es gibt weder das Patentrezept noch viel Lob oder gar einen Blumenstrau\u00df f\u00fcr gute Ans\u00e4tze und Ideen.<\/p>\n<p>Eltern-Kurse sind eine M\u00f6glichkeit, sich auf den Weg zu machen und gemeinsam mit anderen Erfahrungen zu machen, offene Fragen zu besprechen und neue Ideen zu bekommen.<\/p>\n<p><img data-recalc-dims=\"1\" loading=\"lazy\" decoding=\"async\" class=\"wp-image-238 alignleft\" src=\"https:\/\/i0.wp.com\/faktor-bildung.de\/wp-content\/uploads\/2021\/10\/enten-1-scaled.jpg?resize=300%2C225&#038;ssl=1\" alt=\"\" width=\"300\" height=\"225\" srcset=\"https:\/\/i0.wp.com\/faktor-bildung.de\/wp-content\/uploads\/2021\/10\/enten-1-scaled.jpg?w=2560&amp;ssl=1 2560w, https:\/\/i0.wp.com\/faktor-bildung.de\/wp-content\/uploads\/2021\/10\/enten-1-scaled.jpg?resize=300%2C225&amp;ssl=1 300w, https:\/\/i0.wp.com\/faktor-bildung.de\/wp-content\/uploads\/2021\/10\/enten-1-scaled.jpg?resize=1024%2C768&amp;ssl=1 1024w, https:\/\/i0.wp.com\/faktor-bildung.de\/wp-content\/uploads\/2021\/10\/enten-1-scaled.jpg?resize=768%2C576&amp;ssl=1 768w, https:\/\/i0.wp.com\/faktor-bildung.de\/wp-content\/uploads\/2021\/10\/enten-1-scaled.jpg?resize=1536%2C1152&amp;ssl=1 1536w, https:\/\/i0.wp.com\/faktor-bildung.de\/wp-content\/uploads\/2021\/10\/enten-1-scaled.jpg?resize=2048%2C1536&amp;ssl=1 2048w, https:\/\/i0.wp.com\/faktor-bildung.de\/wp-content\/uploads\/2021\/10\/enten-1-scaled.jpg?resize=920%2C690&amp;ssl=1 920w, https:\/\/i0.wp.com\/faktor-bildung.de\/wp-content\/uploads\/2021\/10\/enten-1-scaled.jpg?resize=230%2C173&amp;ssl=1 230w, https:\/\/i0.wp.com\/faktor-bildung.de\/wp-content\/uploads\/2021\/10\/enten-1-scaled.jpg?resize=350%2C263&amp;ssl=1 350w, https:\/\/i0.wp.com\/faktor-bildung.de\/wp-content\/uploads\/2021\/10\/enten-1-scaled.jpg?resize=480%2C360&amp;ssl=1 480w, https:\/\/i0.wp.com\/faktor-bildung.de\/wp-content\/uploads\/2021\/10\/enten-1-scaled.jpg?w=2340&amp;ssl=1 2340w\" sizes=\"auto, (max-width: 300px) 100vw, 300px\" \/><\/p>\n<p>&nbsp;<\/p>\n<p><strong>Eltern-Kurse helfen, neue Wege zu entdecken und Sicherheit zu gewinnen<\/strong><\/p>\n<p>Der Kompaktkurs<strong> ENTE (Erziehung, Nachdenken, Tun, Energie)<\/strong> ist gedacht f\u00fcr Eltern, die feststellen, dass Erziehung nicht nur gelegentlich herausfordernd ist, sondern dass man, wenn man seinem Kind das Beste mitgeben m\u00f6chte, auch immer wieder mal an seine eigenen Grenzen kommt. Gemeinsam werden wir besprechen, welche Bed\u00fcrfnisse Kinder haben, wie wir als Erwachsene damit umgehen k\u00f6nnen und warum Haltung dabei wichtig ist.<\/p>\n<p>Nat\u00fcrlich sind auch Erpel im Kurs herzlich willkommen, nicht nur Enten \ud83d\ude09<\/p>\n<p>&nbsp;<\/p>\n<p><img data-recalc-dims=\"1\" loading=\"lazy\" decoding=\"async\" class=\"alignright wp-image-306\" src=\"https:\/\/i0.wp.com\/faktor-bildung.de\/wp-content\/uploads\/2021\/11\/biber_sitzt-scaled.jpg?resize=300%2C176&#038;ssl=1\" alt=\"Biber - Eltern-Kurse\" width=\"300\" height=\"176\" srcset=\"https:\/\/i0.wp.com\/faktor-bildung.de\/wp-content\/uploads\/2021\/11\/biber_sitzt-scaled.jpg?w=2560&amp;ssl=1 2560w, https:\/\/i0.wp.com\/faktor-bildung.de\/wp-content\/uploads\/2021\/11\/biber_sitzt-scaled.jpg?resize=300%2C176&amp;ssl=1 300w, https:\/\/i0.wp.com\/faktor-bildung.de\/wp-content\/uploads\/2021\/11\/biber_sitzt-scaled.jpg?resize=1024%2C600&amp;ssl=1 1024w, https:\/\/i0.wp.com\/faktor-bildung.de\/wp-content\/uploads\/2021\/11\/biber_sitzt-scaled.jpg?resize=768%2C450&amp;ssl=1 768w, https:\/\/i0.wp.com\/faktor-bildung.de\/wp-content\/uploads\/2021\/11\/biber_sitzt-scaled.jpg?resize=1536%2C900&amp;ssl=1 1536w, https:\/\/i0.wp.com\/faktor-bildung.de\/wp-content\/uploads\/2021\/11\/biber_sitzt-scaled.jpg?resize=2048%2C1200&amp;ssl=1 2048w, https:\/\/i0.wp.com\/faktor-bildung.de\/wp-content\/uploads\/2021\/11\/biber_sitzt-scaled.jpg?resize=920%2C539&amp;ssl=1 920w, https:\/\/i0.wp.com\/faktor-bildung.de\/wp-content\/uploads\/2021\/11\/biber_sitzt-scaled.jpg?resize=230%2C135&amp;ssl=1 230w, https:\/\/i0.wp.com\/faktor-bildung.de\/wp-content\/uploads\/2021\/11\/biber_sitzt-scaled.jpg?resize=350%2C205&amp;ssl=1 350w, https:\/\/i0.wp.com\/faktor-bildung.de\/wp-content\/uploads\/2021\/11\/biber_sitzt-scaled.jpg?resize=480%2C281&amp;ssl=1 480w, https:\/\/i0.wp.com\/faktor-bildung.de\/wp-content\/uploads\/2021\/11\/biber_sitzt-scaled.jpg?w=2340&amp;ssl=1 2340w\" sizes=\"auto, (max-width: 300px) 100vw, 300px\" \/>Als <strong>BIBER-Kurs<\/strong> habe ich die Methode<a href=\"https:\/\/faktor-bildung.de\/index.php\/seminar-biber\/\"> BIBER,<\/a> die ich f\u00fcr p\u00e4dagogische Fachkr\u00e4fte entwickelt habe, f\u00fcr Eltern umgesetzt, die mehr \u00fcber sich, \u00fcber den individuellen Umgang mit Ihren eigenen Ressourcen erfahren m\u00f6chten. Hier finden mehrere Seminarveranstaltungen statt, die auf die ENTE aufbauen k\u00f6nnen. Es geht dabei mehr in die Tiefe und um ein weit gefasstes Verst\u00e4ndnis von Erziehung, das mehr auf Bildung hin ausgerichtet ist und bed\u00fcrfnisorientiert verstanden wird.<\/p>\n<p>&nbsp;<\/p>\n<p>Sowohl der Kompaktkurs ENTE als auch der BIBER-Kurs k\u00f6nnen nicht nur von jungen Eltern besucht werden, hier bietet sich auch die M\u00f6glichkeit, beispielsweise gemeinsam mit den Gro\u00dfeltern Erziehung gemeinsam zu denken und das Verst\u00e4ndnis von Erziehung, das in die Familie passt, zu erarbeiten.\u00a0Auch gr\u00f6\u00dfere Geschwister, die immer wieder auf die J\u00fcngeren mit aufpassen, k\u00f6nnen hiermit an Bord genommen werden.<\/p>\n<p>F\u00fcr Ehrenamtliche, die beispielsweise sich im Vereinsleben engagieren und dort mit Kindern und Jugendlichen zusammenarbeiten, ist der BIBER-Kurs ebenfalls eine gute M\u00f6glichkeit, bewusst dabei zu sein und sich selbst nicht aus dem Blick zu verlieren.<\/p>\n<p>Ich freue mich \u00fcber Anfragen unter tina(a)faktor-bildung.de oder \u00fcber das <a href=\"https:\/\/faktor-bildung.de\/index.php\/kontakt\/\">Kontaktformular<\/a>!<\/p>\n","protected":false},"excerpt":{"rendered":"<p>&#8222;Aaaaaaach, die Mama macht schon wieder Kindererziehung mit uns!&#8220; (Zitat meine Kinder) &#8211; Ob da Eltern-Kurse dahinter steckten? Nat\u00fcrlich geben wir als [&hellip;]<\/p>\n","protected":false},"author":1,"featured_media":0,"parent":0,"menu_order":0,"comment_status":"closed","ping_status":"closed","template":"","meta":{"footnotes":""},"class_list":["post-246","page","type-page","status-publish","hentry"],"jetpack-related-posts":[],"jetpack_sharing_enabled":true,"_links":{"self":[{"href":"https:\/\/faktor-bildung.de\/index.php\/wp-json\/wp\/v2\/pages\/246","targetHints":{"allow":["GET"]}}],"collection":[{"href":"https:\/\/faktor-bildung.de\/index.php\/wp-json\/wp\/v2\/pages"}],"about":[{"href":"https:\/\/faktor-bildung.de\/index.php\/wp-json\/wp\/v2\/types\/page"}],"author":[{"embeddable":true,"href":"https:\/\/faktor-bildung.de\/index.php\/wp-json\/wp\/v2\/users\/1"}],"replies":[{"embeddable":true,"href":"https:\/\/faktor-bildung.de\/index.php\/wp-json\/wp\/v2\/comments?post=246"}],"version-history":[{"count":12,"href":"https:\/\/faktor-bildung.de\/index.php\/wp-json\/wp\/v2\/pages\/246\/revisions"}],"predecessor-version":[{"id":249,"href":"https:\/\/faktor-bildung.de\/index.php\/wp-json\/wp\/v2\/pages\/246\/revisions\/249"}],"wp:attachment":[{"href":"https:\/\/faktor-bildung.de\/index.php\/wp-json\/wp\/v2\/media?parent=246"}],"curies":[{"name":"wp","href":"https:\/\/api.w.org\/{rel}","templated":true}]}}

<p><img data-recalc-dims="1" loading="lazy" decoding="async" class="alignright wp-image-324 size-medium" src="https://i0.wp.com/faktor-bildung.de/wp-content/uploads/2021/11/blumenstrauss.jpeg?resize=225%2C300&#038;ssl=1" alt="Eltern-Kurse: es gibt nicht immer nur Blumen" width="225" height="300" srcset="https://i0.wp.com/faktor-bildung.de/wp-content/uploads/2021/11/blumenstrauss.jpeg?resize=225%2C300&amp;ssl=1 225w, https://i0.wp.com/faktor-bildung.de/wp-content/uploads/2021/11/blumenstrauss.jpeg?resize=768%2C1024&amp;ssl=1 768w, https://i0.wp.com/faktor-bildung.de/wp-content/uploads/2021/11/blumenstrauss.jpeg?resize=1152%2C1536&amp;ssl=1 1152w, https://i0.wp.com/faktor-bildung.de/wp-content/uploads/2021/11/blumenstrauss.jpeg?resize=920%2C1227&amp;ssl=1 920w, https://i0.wp.com/faktor-bildung.de/wp-content/uploads/2021/11/blumenstrauss.jpeg?resize=230%2C307&amp;ssl=1 230w, https://i0.wp.com/faktor-bildung.de/wp-content/uploads/2021/11/blumenstrauss.jpeg?resize=350%2C467&amp;ssl=1 350w, https://i0.wp.com/faktor-bildung.de/wp-content/uploads/2021/11/blumenstrauss.jpeg?resize=480%2C640&amp;ssl=1 480w, https://i0.wp.com/faktor-bildung.de/wp-content/uploads/2021/11/blumenstrauss.jpeg?w=1536&amp;ssl=1 1536w" sizes="auto, (max-width: 225px) 100vw, 225px" /></p>
<h4>&#8222;Aaaaaaach, die Mama macht schon wieder Kindererziehung mit uns!&#8220; (Zitat meine Kinder) &#8211; Ob da Eltern-Kurse dahinter steckten?</h4>
<p>Natürlich geben wir als Eltern unser Bestes und wollen alles richtig machen. Und wenn ich heute daran zurückdenke, dass meine Kinder sich hin und wieder angeschaut haben, mir einen mitleidigen Blick zugeworfen haben und dann feststellten, dass sie erzogen werden sollten, muss ich jedes Mal schmunzeln. Ich freue mich auch darüber, dass es im Großen und Ganzen recht gut geklappt hat.</p>
<p>Als junge Mutter habe auch ich mich durch allerlei Bücher, Zeitschriften und das Internet durchgelesen. Auf der <a href="https://www.eltern.de/" target="_blank" rel="noopener">Webseite der Zeitschrift Eltern</a> gab es &#8211; damals zumindest &#8211; eine lebendige Community und immer wieder viele Fragen und gemeinsame Antwortdiskussionen.</p>
<p>Trotz (oder gerade wegen?) meines Studiums der Sozialen Arbeit habe ich mich auf den Weg gemacht und zahlreiche Erziehungsratgeber gelesen. Auch verschiedene pädagogische Stilrichtungen habe ich zuhause ausprobiert &#8211; um dann festzustellen, dass nicht alles immer so klappt, wie es im Buch steht. Es gibt weder das Patentrezept noch viel Lob oder gar einen Blumenstrauß für gute Ansätze und Ideen.</p>
<p>Eltern-Kurse sind eine Möglichkeit, sich auf den Weg zu machen und gemeinsam mit anderen Erfahrungen zu machen, offene Fragen zu besprechen und neue Ideen zu bekommen.</p>
<p><img data-recalc-dims="1" loading="lazy" decoding="async" class="wp-image-238 alignleft" src="https://i0.wp.com/faktor-bildung.de/wp-content/uploads/2021/10/enten-1-scaled.jpg?resize=300%2C225&#038;ssl=1" alt="" width="300" height="225" srcset="https://i0.wp.com/faktor-bildung.de/wp-content/uploads/2021/10/enten-1-scaled.jpg?w=2560&amp;ssl=1 2560w, https://i0.wp.com/faktor-bildung.de/wp-content/uploads/2021/10/enten-1-scaled.jpg?resize=300%2C225&amp;ssl=1 300w, https://i0.wp.com/faktor-bildung.de/wp-content/uploads/2021/10/enten-1-scaled.jpg?resize=1024%2C768&amp;ssl=1 1024w, https://i0.wp.com/faktor-bildung.de/wp-content/uploads/2021/10/enten-1-scaled.jpg?resize=768%2C576&amp;ssl=1 768w, https://i0.wp.com/faktor-bildung.de/wp-content/uploads/2021/10/enten-1-scaled.jpg?resize=1536%2C1152&amp;ssl=1 1536w, https://i0.wp.com/faktor-bildung.de/wp-content/uploads/2021/10/enten-1-scaled.jpg?resize=2048%2C1536&amp;ssl=1 2048w, https://i0.wp.com/faktor-bildung.de/wp-content/uploads/2021/10/enten-1-scaled.jpg?resize=920%2C690&amp;ssl=1 920w, https://i0.wp.com/faktor-bildung.de/wp-content/uploads/2021/10/enten-1-scaled.jpg?resize=230%2C173&amp;ssl=1 230w, https://i0.wp.com/faktor-bildung.de/wp-content/uploads/2021/10/enten-1-scaled.jpg?resize=350%2C263&amp;ssl=1 350w, https://i0.wp.com/faktor-bildung.de/wp-content/uploads/2021/10/enten-1-scaled.jpg?resize=480%2C360&amp;ssl=1 480w, https://i0.wp.com/faktor-bildung.de/wp-content/uploads/2021/10/enten-1-scaled.jpg?w=2340&amp;ssl=1 2340w" sizes="auto, (max-width: 300px) 100vw, 300px" /></p>
<p>&nbsp;</p>
<p><strong>Eltern-Kurse helfen, neue Wege zu entdecken und Sicherheit zu gewinnen</strong></p>
<p>Der Kompaktkurs<strong> ENTE (Erziehung, Nachdenken, Tun, Energie)</strong> ist gedacht für Eltern, die feststellen, dass Erziehung nicht nur gelegentlich herausfordernd ist, sondern dass man, wenn man seinem Kind das Beste mitgeben möchte, auch immer wieder mal an seine eigenen Grenzen kommt. Gemeinsam werden wir besprechen, welche Bedürfnisse Kinder haben, wie wir als Erwachsene damit umgehen können und warum Haltung dabei wichtig ist.</p>
<p>Natürlich sind auch Erpel im Kurs herzlich willkommen, nicht nur Enten 😉</p>
<p>&nbsp;</p>
<p><img data-recalc-dims="1" loading="lazy" decoding="async" class="alignright wp-image-306" src="https://i0.wp.com/faktor-bildung.de/wp-content/uploads/2021/11/biber_sitzt-scaled.jpg?resize=300%2C176&#038;ssl=1" alt="Biber - Eltern-Kurse" width="300" height="176" srcset="https://i0.wp.com/faktor-bildung.de/wp-content/uploads/2021/11/biber_sitzt-scaled.jpg?w=2560&amp;ssl=1 2560w, https://i0.wp.com/faktor-bildung.de/wp-content/uploads/2021/11/biber_sitzt-scaled.jpg?resize=300%2C176&amp;ssl=1 300w, https://i0.wp.com/faktor-bildung.de/wp-content/uploads/2021/11/biber_sitzt-scaled.jpg?resize=1024%2C600&amp;ssl=1 1024w, https://i0.wp.com/faktor-bildung.de/wp-content/uploads/2021/11/biber_sitzt-scaled.jpg?resize=768%2C450&amp;ssl=1 768w, https://i0.wp.com/faktor-bildung.de/wp-content/uploads/2021/11/biber_sitzt-scaled.jpg?resize=1536%2C900&amp;ssl=1 1536w, https://i0.wp.com/faktor-bildung.de/wp-content/uploads/2021/11/biber_sitzt-scaled.jpg?resize=2048%2C1200&amp;ssl=1 2048w, https://i0.wp.com/faktor-bildung.de/wp-content/uploads/2021/11/biber_sitzt-scaled.jpg?resize=920%2C539&amp;ssl=1 920w, https://i0.wp.com/faktor-bildung.de/wp-content/uploads/2021/11/biber_sitzt-scaled.jpg?resize=230%2C135&amp;ssl=1 230w, https://i0.wp.com/faktor-bildung.de/wp-content/uploads/2021/11/biber_sitzt-scaled.jpg?resize=350%2C205&amp;ssl=1 350w, https://i0.wp.com/faktor-bildung.de/wp-content/uploads/2021/11/biber_sitzt-scaled.jpg?resize=480%2C281&amp;ssl=1 480w, https://i0.wp.com/faktor-bildung.de/wp-content/uploads/2021/11/biber_sitzt-scaled.jpg?w=2340&amp;ssl=1 2340w" sizes="auto, (max-width: 300px) 100vw, 300px" />Als <strong>BIBER-Kurs</strong> habe ich die Methode<a href="https://faktor-bildung.de/index.php/seminar-biber/"> BIBER,</a> die ich für pädagogische Fachkräfte entwickelt habe, für Eltern umgesetzt, die mehr über sich, über den individuellen Umgang mit Ihren eigenen Ressourcen erfahren möchten. Hier finden mehrere Seminarveranstaltungen statt, die auf die ENTE aufbauen können. Es geht dabei mehr in die Tiefe und um ein weit gefasstes Verständnis von Erziehung, das mehr auf Bildung hin ausgerichtet ist und bedürfnisorientiert verstanden wird.</p>
<p>&nbsp;</p>
<p>Sowohl der Kompaktkurs ENTE als auch der BIBER-Kurs können nicht nur von jungen Eltern besucht werden, hier bietet sich auch die Möglichkeit, beispielsweise gemeinsam mit den Großeltern Erziehung gemeinsam zu denken und das Verständnis von Erziehung, das in die Familie passt, zu erarbeiten. Auch größere Geschwister, die immer wieder auf die Jüngeren mit aufpassen, können hiermit an Bord genommen werden.</p>
<p>Für Ehrenamtliche, die beispielsweise sich im Vereinsleben engagieren und dort mit Kindern und Jugendlichen zusammenarbeiten, ist der BIBER-Kurs ebenfalls eine gute Möglichkeit, bewusst dabei zu sein und sich selbst nicht aus dem Blick zu verlieren.</p>
<p>Ich freue mich über Anfragen unter tina(a)faktor-bildung.de oder über das <a href="https://faktor-bildung.de/index.php/kontakt/">Kontaktformular</a>!</p>

<p>&#8222;Aaaaaaach, die Mama macht schon wieder Kindererziehung mit uns!&#8220; (Zitat meine Kinder) &#8211; Ob da Eltern-Kurse dahinter steckten? Natürlich geben wir als [&hellip;]</p>
