{"id":102,"date":"2021-10-05T18:37:16","date_gmt":"2021-10-05T18:37:16","guid":{"rendered":"https:\/\/faktor-bildung.de\/?page_id=102"},"modified":"2022-03-11T10:59:29","modified_gmt":"2022-03-11T10:59:29","slug":"seminar-biber","status":"publish","type":"page","link":"https:\/\/faktor-bildung.de\/index.php\/seminar-biber\/","title":{"rendered":"Seminar BIBER"},"content":{"rendered":"<p><strong><img data-recalc-dims=\"1\" loading=\"lazy\" decoding=\"async\" class=\"alignright wp-image-103 size-medium\" src=\"https:\/\/i0.wp.com\/faktor-bildung.de\/wp-content\/uploads\/2021\/04\/biber_nagt_klein.jpg?resize=300%2C189&#038;ssl=1\" alt=\"Biber nagt an Ast - Seminar Biber\" width=\"300\" height=\"189\" srcset=\"https:\/\/i0.wp.com\/faktor-bildung.de\/wp-content\/uploads\/2021\/04\/biber_nagt_klein.jpg?resize=300%2C189&amp;ssl=1 300w, https:\/\/i0.wp.com\/faktor-bildung.de\/wp-content\/uploads\/2021\/04\/biber_nagt_klein.jpg?resize=1024%2C645&amp;ssl=1 1024w, https:\/\/i0.wp.com\/faktor-bildung.de\/wp-content\/uploads\/2021\/04\/biber_nagt_klein.jpg?resize=768%2C483&amp;ssl=1 768w, https:\/\/i0.wp.com\/faktor-bildung.de\/wp-content\/uploads\/2021\/04\/biber_nagt_klein.jpg?resize=1536%2C967&amp;ssl=1 1536w, https:\/\/i0.wp.com\/faktor-bildung.de\/wp-content\/uploads\/2021\/04\/biber_nagt_klein.jpg?resize=2048%2C1289&amp;ssl=1 2048w, https:\/\/i0.wp.com\/faktor-bildung.de\/wp-content\/uploads\/2021\/04\/biber_nagt_klein.jpg?resize=830%2C522&amp;ssl=1 830w, https:\/\/i0.wp.com\/faktor-bildung.de\/wp-content\/uploads\/2021\/04\/biber_nagt_klein.jpg?resize=230%2C145&amp;ssl=1 230w, https:\/\/i0.wp.com\/faktor-bildung.de\/wp-content\/uploads\/2021\/04\/biber_nagt_klein.jpg?resize=350%2C220&amp;ssl=1 350w, https:\/\/i0.wp.com\/faktor-bildung.de\/wp-content\/uploads\/2021\/04\/biber_nagt_klein.jpg?resize=480%2C302&amp;ssl=1 480w\" sizes=\"auto, (max-width: 300px) 100vw, 300px\" \/><\/strong><\/p>\n<p><strong>Ein umfassendes Konzept: Das Seminar BIBER.<\/strong><\/p>\n<p>Es legt die Methode BIBER verst\u00e4ndlich dar.<\/p>\n<p><strong>Belastung<\/strong><\/p>\n<p><strong>Identit\u00e4t<\/strong><\/p>\n<p><strong>Bed\u00fcrfnis<\/strong><\/p>\n<p><strong>Entfaltung<\/strong><\/p>\n<p><strong>Resilienz<\/strong><\/p>\n<p>&nbsp;<\/p>\n<p>Bildung braucht Antrieb, Bildung braucht Raum und Bildung braucht Potenzial. Bildung braucht einen Motor, der es erm\u00f6glicht, ihr nachzusp\u00fcren und sich bilden zu wollen.<\/p>\n<p>Bildung ist ein gro\u00dfer Begriff, der viel beinhalten kann und dennoch nicht wirklich greifbar ist. Mit dem Verst\u00e4ndnis von Bildung als Prozess, das gerade f\u00fcr (Selbst-)Bildung eine intrinsische Motivation voraussetzt, wurde das Seminar BIBER konzipiert.<\/p>\n<p>Sowohl f\u00fcr Kinder als auch f\u00fcr Erwachsene ist Bildung eine Bereicherung, die allerdings auch Ressourcen braucht, um geschehen zu k\u00f6nnen. Um sich auf den Weg zu machen, ben\u00f6tigt es Bereitschaft und Vorbereitung.<\/p>\n<p><strong>Das Seminar BIBER richtet sich an p\u00e4dagogische Fachkr\u00e4fte und Leitungskr\u00e4fte<\/strong><\/p>\n<p>Und zwar an diejenigen davon, die sich mit dem Konzept von Entfaltung und Resilienz besch\u00e4ftigen bzw. besch\u00e4ftigen wollen, um f\u00fcr sich und andere an individuellen Bed\u00fcrfnissen ausgerichtet Bildung zu erm\u00f6glichen und zu erleben.<\/p>\n<p>Die Methode BIBER habe ich entwickelt, um in einem Seminar (oder in weniger p\u00e4dagogischer Form eines <a href=\"https:\/\/faktor-bildung.de\/index.php\/eltern-kurse\/\">Kurses f\u00fcr Eltern<\/a> und Ehrenamtliche) Menschen konkretes Handwerkszeug mit auf ihren eigenen Weg geben zu k\u00f6nnen, mit dem sie in kleinen Gruppen gemeinsam Belastungen erkennen lernen, sich ihrer eigenen Identit\u00e4t bewusst werden, ihre Bed\u00fcrfnisse wahrnehmen und verstehen, um sich dann auf die Reise zu begeben, darauf zu h\u00f6ren und nach Entfaltung zu streben, um dann effektiv an ihrer Resilienz arbeiten zu k\u00f6nnen.<\/p>\n<p><img data-recalc-dims=\"1\" loading=\"lazy\" decoding=\"async\" class=\"alignleft wp-image-255\" src=\"https:\/\/i0.wp.com\/faktor-bildung.de\/wp-content\/uploads\/2021\/10\/MundschutzTeddy-scaled.jpg?resize=300%2C200&#038;ssl=1\" alt=\"Teddyb\u00e4r mit Maske - Seminar Biber\" width=\"300\" height=\"200\" srcset=\"https:\/\/i0.wp.com\/faktor-bildung.de\/wp-content\/uploads\/2021\/10\/MundschutzTeddy-scaled.jpg?w=2560&amp;ssl=1 2560w, https:\/\/i0.wp.com\/faktor-bildung.de\/wp-content\/uploads\/2021\/10\/MundschutzTeddy-scaled.jpg?resize=300%2C199&amp;ssl=1 300w, https:\/\/i0.wp.com\/faktor-bildung.de\/wp-content\/uploads\/2021\/10\/MundschutzTeddy-scaled.jpg?resize=1024%2C681&amp;ssl=1 1024w, https:\/\/i0.wp.com\/faktor-bildung.de\/wp-content\/uploads\/2021\/10\/MundschutzTeddy-scaled.jpg?resize=768%2C511&amp;ssl=1 768w, https:\/\/i0.wp.com\/faktor-bildung.de\/wp-content\/uploads\/2021\/10\/MundschutzTeddy-scaled.jpg?resize=1536%2C1021&amp;ssl=1 1536w, https:\/\/i0.wp.com\/faktor-bildung.de\/wp-content\/uploads\/2021\/10\/MundschutzTeddy-scaled.jpg?resize=2048%2C1362&amp;ssl=1 2048w, https:\/\/i0.wp.com\/faktor-bildung.de\/wp-content\/uploads\/2021\/10\/MundschutzTeddy-scaled.jpg?resize=920%2C612&amp;ssl=1 920w, https:\/\/i0.wp.com\/faktor-bildung.de\/wp-content\/uploads\/2021\/10\/MundschutzTeddy-scaled.jpg?resize=230%2C153&amp;ssl=1 230w, https:\/\/i0.wp.com\/faktor-bildung.de\/wp-content\/uploads\/2021\/10\/MundschutzTeddy-scaled.jpg?resize=350%2C233&amp;ssl=1 350w, https:\/\/i0.wp.com\/faktor-bildung.de\/wp-content\/uploads\/2021\/10\/MundschutzTeddy-scaled.jpg?resize=480%2C319&amp;ssl=1 480w, https:\/\/i0.wp.com\/faktor-bildung.de\/wp-content\/uploads\/2021\/10\/MundschutzTeddy-scaled.jpg?w=2340&amp;ssl=1 2340w\" sizes=\"auto, (max-width: 300px) 100vw, 300px\" \/><\/p>\n<p>Inhalte sind die Vermittlung von theoretischen Grundlagen zu Resilienz, Analyse eigener Kompetenzen und Umgang mit herausfordernden Situationen sowie praktische \u00dcbungen. Die Thematik wird in vier Einheiten mit den Teilnehmenden in Einzel- als auch in Kleingruppenarbeit erarbeitet.<\/p>\n<p>Das Seminar kann virtuell oder unter Einhaltung der zum Veranstaltungszeitpunkt geltenden Hygienema\u00dfnahmen auch in Pr\u00e4senz stattfinden, es kann entweder als Teamveranstaltung oder auch in einer offenen Runde von einzelnen Interessierten besucht werden.<\/p>\n<p>Gerade in herausfordernden Zeiten wie beispielsweise der Corona-Pandemie ist Resilienz von herausragender Bedeutung. Hierzu hat beispielsweise auch das Fraunhofer-Institut einen umfassenden <a href=\"https:\/\/www.isi.fraunhofer.de\/de\/blog\/2020\/resilienz-corona-krise.html\" target=\"_blank\" rel=\"noopener\">Artikel<\/a> ver\u00f6ffentlicht. Eine der Forderungen ist, dass die Politik aktiv werden muss, um der Wirtschaft und der Gesellschaft zu mehr Resilienz zu verhelfen. Allerdings kann auch jeder f\u00fcr sich selbst sorgen &#8211; und das schon jetzt, nicht erst, wenn noch mehr Zeit vergangen ist.<\/p>\n<p>Ich freue mich \u00fcber Anfragen unter tina(a)faktor-bildung.de oder \u00fcber das <a href=\"https:\/\/faktor-bildung.de\/index.php\/kontakt\/\">Kontaktformular<\/a>!<\/p>\n<p><img data-recalc-dims=\"1\" loading=\"lazy\" decoding=\"async\" class=\"alignnone wp-image-322 size-full\" src=\"https:\/\/i0.wp.com\/faktor-bildung.de\/wp-content\/uploads\/2021\/11\/regenbogen_camping.jpeg?resize=1170%2C384&#038;ssl=1\" alt=\"Regenbogen - alles wird gut - Seminar Biber\" width=\"1170\" height=\"384\" srcset=\"https:\/\/i0.wp.com\/faktor-bildung.de\/wp-content\/uploads\/2021\/11\/regenbogen_camping.jpeg?w=2048&amp;ssl=1 2048w, https:\/\/i0.wp.com\/faktor-bildung.de\/wp-content\/uploads\/2021\/11\/regenbogen_camping.jpeg?resize=300%2C98&amp;ssl=1 300w, https:\/\/i0.wp.com\/faktor-bildung.de\/wp-content\/uploads\/2021\/11\/regenbogen_camping.jpeg?resize=1024%2C336&amp;ssl=1 1024w, https:\/\/i0.wp.com\/faktor-bildung.de\/wp-content\/uploads\/2021\/11\/regenbogen_camping.jpeg?resize=768%2C252&amp;ssl=1 768w, https:\/\/i0.wp.com\/faktor-bildung.de\/wp-content\/uploads\/2021\/11\/regenbogen_camping.jpeg?resize=1536%2C504&amp;ssl=1 1536w, https:\/\/i0.wp.com\/faktor-bildung.de\/wp-content\/uploads\/2021\/11\/regenbogen_camping.jpeg?resize=920%2C302&amp;ssl=1 920w, https:\/\/i0.wp.com\/faktor-bildung.de\/wp-content\/uploads\/2021\/11\/regenbogen_camping.jpeg?resize=230%2C75&amp;ssl=1 230w, https:\/\/i0.wp.com\/faktor-bildung.de\/wp-content\/uploads\/2021\/11\/regenbogen_camping.jpeg?resize=350%2C115&amp;ssl=1 350w, https:\/\/i0.wp.com\/faktor-bildung.de\/wp-content\/uploads\/2021\/11\/regenbogen_camping.jpeg?resize=480%2C158&amp;ssl=1 480w\" sizes=\"auto, (max-width: 1170px) 100vw, 1170px\" \/><\/p>\n<p>&nbsp;<\/p>\n","protected":false},"excerpt":{"rendered":"<p>Ein umfassendes Konzept: Das Seminar BIBER. Es legt die Methode BIBER verst\u00e4ndlich dar. Belastung Identit\u00e4t Bed\u00fcrfnis Entfaltung Resilienz &nbsp; Bildung braucht Antrieb, [&hellip;]<\/p>\n","protected":false},"author":1,"featured_media":0,"parent":0,"menu_order":0,"comment_status":"closed","ping_status":"closed","template":"","meta":{"footnotes":""},"class_list":["post-102","page","type-page","status-publish","hentry"],"jetpack-related-posts":[],"jetpack_sharing_enabled":true,"_links":{"self":[{"href":"https:\/\/faktor-bildung.de\/index.php\/wp-json\/wp\/v2\/pages\/102","targetHints":{"allow":["GET"]}}],"collection":[{"href":"https:\/\/faktor-bildung.de\/index.php\/wp-json\/wp\/v2\/pages"}],"about":[{"href":"https:\/\/faktor-bildung.de\/index.php\/wp-json\/wp\/v2\/types\/page"}],"author":[{"embeddable":true,"href":"https:\/\/faktor-bildung.de\/index.php\/wp-json\/wp\/v2\/users\/1"}],"replies":[{"embeddable":true,"href":"https:\/\/faktor-bildung.de\/index.php\/wp-json\/wp\/v2\/comments?post=102"}],"version-history":[{"count":17,"href":"https:\/\/faktor-bildung.de\/index.php\/wp-json\/wp\/v2\/pages\/102\/revisions"}],"predecessor-version":[{"id":323,"href":"https:\/\/faktor-bildung.de\/index.php\/wp-json\/wp\/v2\/pages\/102\/revisions\/323"}],"wp:attachment":[{"href":"https:\/\/faktor-bildung.de\/index.php\/wp-json\/wp\/v2\/media?parent=102"}],"curies":[{"name":"wp","href":"https:\/\/api.w.org\/{rel}","templated":true}]}}

<p><strong><img data-recalc-dims="1" loading="lazy" decoding="async" class="alignright wp-image-103 size-medium" src="https://i0.wp.com/faktor-bildung.de/wp-content/uploads/2021/04/biber_nagt_klein.jpg?resize=300%2C189&#038;ssl=1" alt="Biber nagt an Ast - Seminar Biber" width="300" height="189" srcset="https://i0.wp.com/faktor-bildung.de/wp-content/uploads/2021/04/biber_nagt_klein.jpg?resize=300%2C189&amp;ssl=1 300w, https://i0.wp.com/faktor-bildung.de/wp-content/uploads/2021/04/biber_nagt_klein.jpg?resize=1024%2C645&amp;ssl=1 1024w, https://i0.wp.com/faktor-bildung.de/wp-content/uploads/2021/04/biber_nagt_klein.jpg?resize=768%2C483&amp;ssl=1 768w, https://i0.wp.com/faktor-bildung.de/wp-content/uploads/2021/04/biber_nagt_klein.jpg?resize=1536%2C967&amp;ssl=1 1536w, https://i0.wp.com/faktor-bildung.de/wp-content/uploads/2021/04/biber_nagt_klein.jpg?resize=2048%2C1289&amp;ssl=1 2048w, https://i0.wp.com/faktor-bildung.de/wp-content/uploads/2021/04/biber_nagt_klein.jpg?resize=830%2C522&amp;ssl=1 830w, https://i0.wp.com/faktor-bildung.de/wp-content/uploads/2021/04/biber_nagt_klein.jpg?resize=230%2C145&amp;ssl=1 230w, https://i0.wp.com/faktor-bildung.de/wp-content/uploads/2021/04/biber_nagt_klein.jpg?resize=350%2C220&amp;ssl=1 350w, https://i0.wp.com/faktor-bildung.de/wp-content/uploads/2021/04/biber_nagt_klein.jpg?resize=480%2C302&amp;ssl=1 480w" sizes="auto, (max-width: 300px) 100vw, 300px" /></strong></p>
<p><strong>Ein umfassendes Konzept: Das Seminar BIBER.</strong></p>
<p>Es legt die Methode BIBER verständlich dar.</p>
<p><strong>Belastung</strong></p>
<p><strong>Identität</strong></p>
<p><strong>Bedürfnis</strong></p>
<p><strong>Entfaltung</strong></p>
<p><strong>Resilienz</strong></p>
<p>&nbsp;</p>
<p>Bildung braucht Antrieb, Bildung braucht Raum und Bildung braucht Potenzial. Bildung braucht einen Motor, der es ermöglicht, ihr nachzuspüren und sich bilden zu wollen.</p>
<p>Bildung ist ein großer Begriff, der viel beinhalten kann und dennoch nicht wirklich greifbar ist. Mit dem Verständnis von Bildung als Prozess, das gerade für (Selbst-)Bildung eine intrinsische Motivation voraussetzt, wurde das Seminar BIBER konzipiert.</p>
<p>Sowohl für Kinder als auch für Erwachsene ist Bildung eine Bereicherung, die allerdings auch Ressourcen braucht, um geschehen zu können. Um sich auf den Weg zu machen, benötigt es Bereitschaft und Vorbereitung.</p>
<p><strong>Das Seminar BIBER richtet sich an pädagogische Fachkräfte und Leitungskräfte</strong></p>
<p>Und zwar an diejenigen davon, die sich mit dem Konzept von Entfaltung und Resilienz beschäftigen bzw. beschäftigen wollen, um für sich und andere an individuellen Bedürfnissen ausgerichtet Bildung zu ermöglichen und zu erleben.</p>
<p>Die Methode BIBER habe ich entwickelt, um in einem Seminar (oder in weniger pädagogischer Form eines <a href="https://faktor-bildung.de/index.php/eltern-kurse/">Kurses für Eltern</a> und Ehrenamtliche) Menschen konkretes Handwerkszeug mit auf ihren eigenen Weg geben zu können, mit dem sie in kleinen Gruppen gemeinsam Belastungen erkennen lernen, sich ihrer eigenen Identität bewusst werden, ihre Bedürfnisse wahrnehmen und verstehen, um sich dann auf die Reise zu begeben, darauf zu hören und nach Entfaltung zu streben, um dann effektiv an ihrer Resilienz arbeiten zu können.</p>
<p><img data-recalc-dims="1" loading="lazy" decoding="async" class="alignleft wp-image-255" src="https://i0.wp.com/faktor-bildung.de/wp-content/uploads/2021/10/MundschutzTeddy-scaled.jpg?resize=300%2C200&#038;ssl=1" alt="Teddybär mit Maske - Seminar Biber" width="300" height="200" srcset="https://i0.wp.com/faktor-bildung.de/wp-content/uploads/2021/10/MundschutzTeddy-scaled.jpg?w=2560&amp;ssl=1 2560w, https://i0.wp.com/faktor-bildung.de/wp-content/uploads/2021/10/MundschutzTeddy-scaled.jpg?resize=300%2C199&amp;ssl=1 300w, https://i0.wp.com/faktor-bildung.de/wp-content/uploads/2021/10/MundschutzTeddy-scaled.jpg?resize=1024%2C681&amp;ssl=1 1024w, https://i0.wp.com/faktor-bildung.de/wp-content/uploads/2021/10/MundschutzTeddy-scaled.jpg?resize=768%2C511&amp;ssl=1 768w, https://i0.wp.com/faktor-bildung.de/wp-content/uploads/2021/10/MundschutzTeddy-scaled.jpg?resize=1536%2C1021&amp;ssl=1 1536w, https://i0.wp.com/faktor-bildung.de/wp-content/uploads/2021/10/MundschutzTeddy-scaled.jpg?resize=2048%2C1362&amp;ssl=1 2048w, https://i0.wp.com/faktor-bildung.de/wp-content/uploads/2021/10/MundschutzTeddy-scaled.jpg?resize=920%2C612&amp;ssl=1 920w, https://i0.wp.com/faktor-bildung.de/wp-content/uploads/2021/10/MundschutzTeddy-scaled.jpg?resize=230%2C153&amp;ssl=1 230w, https://i0.wp.com/faktor-bildung.de/wp-content/uploads/2021/10/MundschutzTeddy-scaled.jpg?resize=350%2C233&amp;ssl=1 350w, https://i0.wp.com/faktor-bildung.de/wp-content/uploads/2021/10/MundschutzTeddy-scaled.jpg?resize=480%2C319&amp;ssl=1 480w, https://i0.wp.com/faktor-bildung.de/wp-content/uploads/2021/10/MundschutzTeddy-scaled.jpg?w=2340&amp;ssl=1 2340w" sizes="auto, (max-width: 300px) 100vw, 300px" /></p>
<p>Inhalte sind die Vermittlung von theoretischen Grundlagen zu Resilienz, Analyse eigener Kompetenzen und Umgang mit herausfordernden Situationen sowie praktische Übungen. Die Thematik wird in vier Einheiten mit den Teilnehmenden in Einzel- als auch in Kleingruppenarbeit erarbeitet.</p>
<p>Das Seminar kann virtuell oder unter Einhaltung der zum Veranstaltungszeitpunkt geltenden Hygienemaßnahmen auch in Präsenz stattfinden, es kann entweder als Teamveranstaltung oder auch in einer offenen Runde von einzelnen Interessierten besucht werden.</p>
<p>Gerade in herausfordernden Zeiten wie beispielsweise der Corona-Pandemie ist Resilienz von herausragender Bedeutung. Hierzu hat beispielsweise auch das Fraunhofer-Institut einen umfassenden <a href="https://www.isi.fraunhofer.de/de/blog/2020/resilienz-corona-krise.html" target="_blank" rel="noopener">Artikel</a> veröffentlicht. Eine der Forderungen ist, dass die Politik aktiv werden muss, um der Wirtschaft und der Gesellschaft zu mehr Resilienz zu verhelfen. Allerdings kann auch jeder für sich selbst sorgen &#8211; und das schon jetzt, nicht erst, wenn noch mehr Zeit vergangen ist.</p>
<p>Ich freue mich über Anfragen unter tina(a)faktor-bildung.de oder über das <a href="https://faktor-bildung.de/index.php/kontakt/">Kontaktformular</a>!</p>
<p><img data-recalc-dims="1" loading="lazy" decoding="async" class="alignnone wp-image-322 size-full" src="https://i0.wp.com/faktor-bildung.de/wp-content/uploads/2021/11/regenbogen_camping.jpeg?resize=1170%2C384&#038;ssl=1" alt="Regenbogen - alles wird gut - Seminar Biber" width="1170" height="384" srcset="https://i0.wp.com/faktor-bildung.de/wp-content/uploads/2021/11/regenbogen_camping.jpeg?w=2048&amp;ssl=1 2048w, https://i0.wp.com/faktor-bildung.de/wp-content/uploads/2021/11/regenbogen_camping.jpeg?resize=300%2C98&amp;ssl=1 300w, https://i0.wp.com/faktor-bildung.de/wp-content/uploads/2021/11/regenbogen_camping.jpeg?resize=1024%2C336&amp;ssl=1 1024w, https://i0.wp.com/faktor-bildung.de/wp-content/uploads/2021/11/regenbogen_camping.jpeg?resize=768%2C252&amp;ssl=1 768w, https://i0.wp.com/faktor-bildung.de/wp-content/uploads/2021/11/regenbogen_camping.jpeg?resize=1536%2C504&amp;ssl=1 1536w, https://i0.wp.com/faktor-bildung.de/wp-content/uploads/2021/11/regenbogen_camping.jpeg?resize=920%2C302&amp;ssl=1 920w, https://i0.wp.com/faktor-bildung.de/wp-content/uploads/2021/11/regenbogen_camping.jpeg?resize=230%2C75&amp;ssl=1 230w, https://i0.wp.com/faktor-bildung.de/wp-content/uploads/2021/11/regenbogen_camping.jpeg?resize=350%2C115&amp;ssl=1 350w, https://i0.wp.com/faktor-bildung.de/wp-content/uploads/2021/11/regenbogen_camping.jpeg?resize=480%2C158&amp;ssl=1 480w" sizes="auto, (max-width: 1170px) 100vw, 1170px" /></p>
<p>&nbsp;</p>

<p>Ein umfassendes Konzept: Das Seminar BIBER. Es legt die Methode BIBER verständlich dar. Belastung Identität Bedürfnis Entfaltung Resilienz &nbsp; Bildung braucht Antrieb, [&hellip;]</p>
